ppose -300 = -4*i - 2*t, -3*i + w*t - 126 = -342. Is i a composite number?
True
Let b be 1/3 - ((-255)/9)/5. Is (3/(-27)*-3)/(b/8604) composite?
True
Is (-74232)/(-126)*7/2 composite?
True
Let s be 54/(-90) - 6/(-10). Is (6/(-9) - s)*(-537)/2 a prime number?
True
Let m = -127 - -127. Suppose m*t - 4*t + 15380 = 0. Is t a prime number?
False
Suppose s = -0*s + 2. Let d = 6 - s. Suppose -d*a - 53 = -5*a. Is a a prime number?
True
Let n(h) = -19*h + 2. Let u be (-2 - -1) + (-20)/(-5). Suppose -2*v - 31 = 5*k, u*k + 22 = k - 4*v. Is n(k) composite?
False
Is -2*(-9)/(-6)*343463/(-57) prime?
True
Suppose -3*n - 15 = 0, -a + 0*a - 15 = 3*n. Let d = a + 5. Suppose d*u + 241 = 1031. Is u a composite number?
True
Is 4/6 - 1353/(-18)*62 a prime number?
False
Let h(o) = 27*o**2 + 4*o - 29. Let b be h(-10). Let c(r) = -r - 5. Let u be c(-9). Suppose 7*k - u*k = b. Is k a prime number?
True
Let n(f) = 527*f + 55. Is n(8) composite?
False
Suppose 3*v = -0 - 18. Let u(l) = -2*l**3 - 6*l**2 + 6*l + 7. Is u(v) a composite number?
True
Suppose 5*b = 15451 - 816. Is b composite?
False
Let r = -6030 + 26711. Is r prime?
True
Let w = 18564 + -10181. Is w a prime number?
False
Suppose -13*q = -11*q + 6. Let a be q + -3 + 12 + -3. Suppose 0*p - a*p + 207 = 0. Is p a prime number?
False
Suppose -2*q = -5*o - 579, 3*o - 4*q + 201 = -138. Let a = o + 340. Is a composite?
False
Suppose -2*t = 4*c - 4*t - 11682, -5*t = 2*c - 5871. Is c a prime number?
False
Suppose -2*j + 5*u = -121018, 2*j + u = 3*j - 60515. Is j prime?
False
Let o(w) = -207*w + 521. Is o(-38) prime?
True
Is 3/((66/(-4566265))/((-8)/20)) composite?
False
Let h = -11 + 19. Let g(j) = -2*j**2 + 6*j + 3. Let p be g(h). Let w = p - -154. Is w prime?
False
Let i(w) = 157*w + 117. Is i(32) composite?
True
Let z = 11879 + -6810. Is z prime?
False
Let u = 455 + -205. Is u + 1 - 0/(-3) a composite number?
False
Let u be (287 - -1) + (-9 - -6). Let b = u + -180. Suppose -i + b = 2*i. Is i a prime number?
False
Suppose 16*p + 2774 - 70 = 0. Let k = p + 1076. Is k a composite number?
False
Let h be ((-12092)/10)/(65/25 - 3). Suppose -3*s + 721 = 4*g - 3810, -2*s = 5*g - h. Is s prime?
False
Let h(o) = -246*o**3 - 10*o**2 - 31*o - 24. Is h(-5) a prime number?
True
Let h(p) = -38*p - 57. Let m be h(-2). Let j(d) = -d**2 - 5*d + 2. Let b be j(-5). Suppose o = -b*n + 463, -4*n + m = -1. Is o composite?
True
Let d be (-4)/(1 + -9)*6. Suppose -5 = -t + d*a, 0 = 3*a - a. Suppose -3*x + 67 = -7*c + 3*c, -t*x + 106 = -c. Is x composite?
True
Suppose 3*k = -4*k + 49889. Let z = -1858 + k. Is z a prime number?
False
Suppose -7 = -2*i - 1. Suppose 0*b = -i*b + 1317. Is b composite?
False
Suppose 3*p + 6 = 2*r, -4*p - 14 = -4*r - 2. Suppose -4*c + r*z + 1310 = 433, -654 = -3*c + z. Is c prime?
False
Suppose 3*k - 13 = 5. Let l(h) = 4*h - h**2 + 9*h + 4*h - 1. Is l(k) a prime number?
False
Let h = -106 - -229. Suppose 3*u + h = 552. Let g = -76 + u. Is g a prime number?
True
Suppose 0*r = -3*r - 6. Let o(s) = 73*s**2 + 1. Is o(r) a prime number?
True
Suppose -12*o = -9*o - 399. Is o prime?
False
Suppose -5*s + 4*m + 1294 = 0, 2*s = -0*s - 4*m + 540. Let d = 453 - s. Let f = 322 - d. Is f prime?
True
Suppose 2*d - 2122 = 2284. Is d a composite number?
False
Suppose 2*j + 2*b = 4*j - 72, -3*j - 2*b + 83 = 0. Suppose -25 = -k - 2*f, -3*k + 41 + j = 5*f. Is k a prime number?
True
Let m be 1 - (1 + -2)*2. Suppose -7*o - 15912 = -33*o. Suppose -m*x = -o - 141. Is x prime?
True
Let u be (-2 + 0 - -3) + 3. Suppose u*y + 160 = 860. Suppose 6*f = f + y. Is f a prime number?
False
Is ((-34203)/(-117))/(0 - 2/(-6)) composite?
False
Let i = 675 - 262. Suppose 3*d - 2*u = 244, -5*u + i = 5*d - 2*u. Is d a prime number?
False
Is (-15436)/(-6) - (-5)/15 prime?
False
Suppose 0 = -4*z + 2*k - 7*k + 3663, 2*z - 1831 = -3*k. Suppose 5*r - 2248 = z. Suppose -r = 2*i - 5*i. Is i prime?
True
Is 24/(-5)*-3156 - 16/(-80) prime?
True
Suppose -3*b + 6301 = l, -l - 4218 = -2*b - 6*l. Is b a composite number?
False
Is (-1454912)/(-40) + (-21)/(-105) a prime number?
True
Suppose -22*x + 617862 = 20*x. Is x a composite number?
True
Suppose -2*z = -x - 15383 - 3800, -4*z + 5*x = -38381. Is z a composite number?
True
Let w = 71 + -49. Let b be (-4824)/(-33) - 4/w. Is (-4 + b - 0) + -1 a composite number?
True
Suppose -5*t + 30053 = 2*k, 0*t - 4*t = k - 15022. Is k a composite number?
True
Suppose 6*g - 11675 = -3281. Is g prime?
True
Suppose 5*z - 2425 = -5*u - 0*z, 0 = -3*z + 9. Let r(p) = -p**2 - 2*p + 8. Let o be r(-3). Suppose -u = -o*s + 153. Is s composite?
False
Is -62*2*25319/(-56)*2 composite?
True
Let u = 12 + -6. Let m be (-30)/(-9)*u/4. Suppose 10*x - 2495 = m*x. Is x prime?
True
Let b be 6*((-14)/4)/(-7). Let l = 0 + b. Suppose -83 = -5*d + g + l*g, -12 = -4*g. Is d prime?
True
Let r(w) be the second derivative of w**4/12 - 5*w**3/6 - 25*w**2/2 - 15*w. Is r(-18) a prime number?
True
Let p(o) = -8*o - 9*o**2 - o**3 - 15*o + 11*o - 11. Is p(-16) prime?
True
Let y(f) = -f + 12. Let z be y(12). Suppose -324 = -2*l - 3*u + 1399, 5*l + u - 4301 = z. Suppose 4*a - 192 = l. Is a a prime number?
True
Let z(j) be the second derivative of j**5/20 + 11*j**4/12 + 2*j**3 - j**2/2 + 22*j. Let g = 13 + -22. Is z(g) a composite number?
False
Let n(m) = 57*m**3 + m**2 + 13*m + 11. Is n(6) a prime number?
True
Let h(v) = v - 1. Let g(c) = 252*c + 13. Let q(p) = g(p) - 6*h(p). Is q(5) prime?
True
Is (19 - 7)/4*(-3982)/(-6) a prime number?
False
Let f = -2628 - -6899. Is f a composite number?
False
Suppose 0 = -3*q - 3, -5*g + 5*q + 3 = -12. Is g/((-1)/4*88/(-7403)) composite?
False
Suppose 4*g + 2*p = 3346, -5*p + 2927 = 3*g + 407. Is g a prime number?
False
Suppose -26*q - 1673737 + 5565651 = 0. Is q prime?
True
Let d be (((-100)/15)/(-5))/(2/(-1266)). Let x = d - -2405. Is x composite?
True
Let v be -11 - (-3)/1 - -3. Let q be 1*(3 + v) - 1. Is -1 + 41 + q*1 a composite number?
False
Suppose -2*j = -8*j + 24. Suppose -o = -4*r + 1560, -j*r = -3*r + 5*o - 411. Is r composite?
True
Let h = 6 - 4. Let p be 2302/(-6) - h/(-3). Let f = 1357 + p. Is f composite?
True
Suppose -35*h + 32*h = -12, 4*m + 5*h = 75376. Is m a composite number?
False
Suppose 38 + 68 = w. Let t = -30 + w. Suppose 4*o - 440 = -t. Is o a prime number?
False
Let t = 0 - -3. Suppose -8*p - 24 = -184. Suppose -1 = -t*z + p. Is z a composite number?
False
Suppose -2*o + 4*u = 3*o - 20, -5*u - 25 = -2*o. Suppose 2*c - 5*q = 208, -c + 2*c - 3*q - 106 = o. Let y = c + -45. Is y composite?
True
Suppose 238 = 11*f - 10*f + 3*u, 5*f = -2*u + 1125. Is f a composite number?
False
Suppose 2*z = 6, -5*b + 29*z + 10186 = 26*z. Is b a prime number?
True
Let a(g) = -1514*g - 39. Is a(-4) a prime number?
False
Let g(j) = j**3 - 3*j**2 + 4. Let k be g(3). Let c = 9 - k. Suppose 0 = -2*m + m - 5*b + 363, -3*m - c*b = -1109. Is m a composite number?
False
Suppose -3*m - 672756 = -15*m. Is m composite?
True
Let a be 15/(-20)*32/(-1). Let y = -58 + a. Let v = y - -111. Is v prime?
False
Let x = 2065 + -24. Is x a composite number?
True
Suppose 0 = -5*z + 20, 2*t - 3*t - 129 = -3*z. Let u = t + 308. Is u prime?
True
Suppose -5*j = 3*b - 5*b + 1103, -2*j = -10. Suppose -302 = -2*c + 5*t - 65, 0 = -5*c + 3*t + b. Is c composite?
True
Is (-15018)/18*-15 + 6 a composite number?
True
Let o(f) be the first derivative of 71*f**3/3 - 2*f**2 - 4*f + 10. Is o(-3) a prime number?
True
Let z(h) = 5*h**2 - 2*h - 12. Let p be (55/(-10))/(2/(-4)). Is z(p) composite?
False
Let x be 1/(3/(-6)) + (2 - -370). Suppose -8*v + 3*v + x = 0. Is v a composite number?
True
Let v be 4/16 - 82/8. Let a = -7 - v. Suppose 0 = 5*t + j - 300, 2*t + a*j = 5*j + 108. Is t a prime number?
True
Let d = 26307 + -16006. Is d composite?
False
Let h = 8 + -3. Suppose h + 2 = 4*y - v, -y = -v - 1. Suppose 2*b - 158 = 5*n, -2*b - 4*n + 260 = y*b. Is b composite?
True
Let c = 360 - 720. Let k = c + 707. Is k a composite number?
False
Let j = 53 - 43. Suppose 10963 = j*y + 3833. Is y prime?
False
Let f be 2 + (3 + 19)/(-2). Let z be (-12)/(-8) + f/(-2). Let g(d) = 61*d + 1. Is g(z) composite?
False
Let h be -4*(196/16)/(-7). Is 878 + h - (-4)/2 a prime number?
True
Suppose 0 = -11*c - 2*c + 16185. Let l = c - 214. Is l composite?
False
Suppose 10 = 2*s + 274. L